{"id":18,"date":"2021-12-20T11:10:43","date_gmt":"2021-12-20T10:10:43","guid":{"rendered":"http:\/\/l-asdufoot.fr\/?page_id=18"},"modified":"2021-12-27T12:54:15","modified_gmt":"2021-12-27T11:54:15","slug":"contact","status":"publish","type":"page","link":"https:\/\/l-asdufoot.fr\/?page_id=18","title":{"rendered":"commander"},"content":{"rendered":"\n<p class=\"has-text-align-center\"><strong>Pour acheter en ligne : <a href=\"https:\/\/www.digitaix.fr\/produits\/la-source-voisine\/jeu-de-foot-au-profit-de-la-recherche-sla\" data-type=\"URL\" data-id=\"https:\/\/www.digitaix.fr\/produits\/la-source-voisine\/jeu-de-foot-au-profit-de-la-recherche-sla\">cliquez ici<\/a><\/strong><\/p>\n\n\n\n<p>Le kit de jeu se compose  :<\/p>\n\n\n\n<ul><li>d&#8217;un tube de rangement<\/li><li>d&#8217;un plateau de jeu en vinyl<\/li><li>d&#8217;un sachet de rangement des cartes<\/li><li>de cartes &#8216;action&#8217; et &#8216;fautes&#8217;<\/li><li>de 22 cartes &#8216;joueur&#8217; num\u00e9rot\u00e9es<\/li><li>de 2 cartes &#8216;ballon&#8217;<\/li><\/ul>\n\n\n\n<figure class=\"wp-block-image size-large is-resized\"><img loading=\"lazy\" src=\"http:\/\/l-asdufoot.fr\/wp-content\/uploads\/2021\/12\/WP_20211227_025-1024x614.jpg\" alt=\"\" class=\"wp-image-82\" width=\"471\" height=\"282\" srcset=\"https:\/\/l-asdufoot.fr\/wp-content\/uploads\/2021\/12\/WP_20211227_025-1024x614.jpg 1024w, https:\/\/l-asdufoot.fr\/wp-content\/uploads\/2021\/12\/WP_20211227_025-300x180.jpg 300w, https:\/\/l-asdufoot.fr\/wp-content\/uploads\/2021\/12\/WP_20211227_025-768x460.jpg 768w, https:\/\/l-asdufoot.fr\/wp-content\/uploads\/2021\/12\/WP_20211227_025-1536x921.jpg 1536w, https:\/\/l-asdufoot.fr\/wp-content\/uploads\/2021\/12\/WP_20211227_025-2048x1228.jpg 2048w, https:\/\/l-asdufoot.fr\/wp-content\/uploads\/2021\/12\/WP_20211227_025-2000x1200.jpg 2000w\" sizes=\"(max-width: 471px) 100vw, 471px\" \/><\/figure>\n\n\n\n<p>Deux versions sont disponibles :<\/p>\n\n\n\n<ul><li> pr\u00eat \u00e0 jouer : les pi\u00e8ces sont d\u00e9coup\u00e9es par nos soins. <a href=\"https:\/\/www.digitaix.fr\/produits\/la-source-voisine\/jeu-de-foot-au-profit-de-la-recherche-sla\" data-type=\"URL\" data-id=\"https:\/\/www.digitaix.fr\/produits\/la-source-voisine\/jeu-de-foot-au-profit-de-la-recherche-sla\">Valeur 30 \u20ac.<\/a><\/li><li>\u00e0 d\u00e9couper : les pi\u00e8ces sont en planche \u00e0 finir aux ciseaux soi-m\u00eame. <a href=\"https:\/\/www.digitaix.fr\/produits\/la-source-voisine\/jeu-de-foot-au-profit-de-la-recherche-sla-cartes-a-decouper-soi-meme\">Valeur 20 \u20ac.<\/a><\/li><\/ul>\n\n\n\n<figure class=\"wp-block-image size-large is-resized\"><img loading=\"lazy\" src=\"http:\/\/l-asdufoot.fr\/wp-content\/uploads\/2021\/12\/WP_20211227_036-1024x577.jpg\" alt=\"\" class=\"wp-image-84\" width=\"474\" height=\"266\" srcset=\"https:\/\/l-asdufoot.fr\/wp-content\/uploads\/2021\/12\/WP_20211227_036-1024x577.jpg 1024w, https:\/\/l-asdufoot.fr\/wp-content\/uploads\/2021\/12\/WP_20211227_036-300x169.jpg 300w, https:\/\/l-asdufoot.fr\/wp-content\/uploads\/2021\/12\/WP_20211227_036-768x432.jpg 768w, https:\/\/l-asdufoot.fr\/wp-content\/uploads\/2021\/12\/WP_20211227_036-1536x865.jpg 1536w, https:\/\/l-asdufoot.fr\/wp-content\/uploads\/2021\/12\/WP_20211227_036-2048x1153.jpg 2048w\" sizes=\"(max-width: 474px) 100vw, 474px\" \/><\/figure>\n\n\n\n<p class=\"has-text-align-center\"><strong>Pour acheter en ligne : <a href=\"https:\/\/www.digitaix.fr\/produits\/la-source-voisine\/jeu-de-foot-au-profit-de-la-recherche-sla\" data-type=\"URL\" data-id=\"https:\/\/www.digitaix.fr\/produits\/la-source-voisine\/jeu-de-foot-au-profit-de-la-recherche-sla\">cliquez ici<\/a><\/strong><\/p>\n","protected":false},"excerpt":{"rendered":"<p>Pour acheter en ligne : cliquez ici Le kit de jeu se compose : d&#8217;un tube de rangement d&#8217;un plateau de jeu en vinyl d&#8217;un sachet de rangement des cartes de cartes &#8216;action&#8217; et &#8216;fautes&#8217; de 22 cartes &#8216;joueur&#8217; num\u00e9rot\u00e9es de 2 cartes &#8216;ballon&#8217; Deux versions sont disponibles : pr\u00eat \u00e0 jouer : les pi\u00e8ces &hellip; <\/p>\n<p class=\"link-more\"><a href=\"https:\/\/l-asdufoot.fr\/?page_id=18\" class=\"more-link\">Continue reading<span class=\"screen-reader-text\"> &#8220;commander&#8221;<\/span><\/a><\/p>\n","protected":false},"author":1,"featured_media":0,"parent":0,"menu_order":0,"comment_status":"closed","ping_status":"closed","template":"","meta":[],"_links":{"self":[{"href":"https:\/\/l-asdufoot.fr\/index.php?rest_route=\/wp\/v2\/pages\/18"}],"collection":[{"href":"https:\/\/l-asdufoot.fr\/index.php?rest_route=\/wp\/v2\/pages"}],"about":[{"href":"https:\/\/l-asdufoot.fr\/index.php?rest_route=\/wp\/v2\/types\/page"}],"author":[{"embeddable":true,"href":"https:\/\/l-asdufoot.fr\/index.php?rest_route=\/wp\/v2\/users\/1"}],"replies":[{"embeddable":true,"href":"https:\/\/l-asdufoot.fr\/index.php?rest_route=%2Fwp%2Fv2%2Fcomments&post=18"}],"version-history":[{"count":12,"href":"https:\/\/l-asdufoot.fr\/index.php?rest_route=\/wp\/v2\/pages\/18\/revisions"}],"predecessor-version":[{"id":108,"href":"https:\/\/l-asdufoot.fr\/index.php?rest_route=\/wp\/v2\/pages\/18\/revisions\/108"}],"wp:attachment":[{"href":"https:\/\/l-asdufoot.fr\/index.php?rest_route=%2Fwp%2Fv2%2Fmedia&parent=18"}],"curies":[{"name":"wp","href":"https:\/\/api.w.org\/{rel}","templated":true}]}}